y 1290.
897
What is the remainder when 545037 is divided by 15?
12
Calculate the remainder when 219674 is divided by 1997.
4
What is the remainder when 736203 is divided by 73?
71
Calculate the remainder when 119064 is divided by 54.
48
Calculate the remainder when 162792 is divided by 3015.
2997
Calculate the remainder when 59408 is divided by 675.
8
What is the remainder when 1255 is divided by 680?
575
Calculate the remainder when 56242 is divided by 75.
67
What is the remainder when 83187 is divided by 27595?
402
Calculate the remainder when 222122 is divided by 49.
5
Calculate the remainder when 8362 is divided by 112.
74
What is the remainder when 7693 is divided by 1281?
7
Calculate the remainder when 1808 is divided by 55.
48
Calculate the remainder when 204105 is divided by 122.
121
Calculate the remainder when 2213 is divided by 800.
613
Calculate the remainder when 33068 is divided by 1768.
1244
Calculate the remainder when 6664 is divided by 6407.
257
Calculate the remainder when 138884 is divided by 72.
68
Calculate the remainder when 2002 is divided by 1471.
531
Calculate the remainder when 117529 is divided by 29370.
49
Calculate the remainder when 322621 is divided by 127.
41
Calculate the remainder when 157698 is divided by 332.
330
What is the remainder when 7398 is divided by 167?
50
Calculate the remainder when 1558307 is divided by 93.
92
Calculate the remainder when 33215 is divided by 3.
2
Calculate the remainder when 2238 is divided by 542.
70
Calculate the remainder when 232856 is divided by 1073.
15
What is the remainder when 132025 is divided by 19?
13
Calculate the remainder when 17565 is divided by 878.
5
Calculate the remainder when 6557 is divided by 406.
61
What is the remainder when 47549 is divided by 393?
389
Calculate the remainder when 279687 is divided by 652.
631
Calculate the remainder when 521799 is divided by 73.
68
What is the remainder when 86715 is divided by 17327?
80
Calculate the remainder when 823 is divided by 111.
46
What is the remainder when 565135 is divided by 338?
337
Calculate the remainder when 20966 is divided by 45.
41
Calculate the remainder when 119501 is divided by 28.
25
What is the remainder when 14941 is divided by 93?
61
What is the remainder when 5845 is divided by 1942?
19
What is the remainder when 80263 is divided by 26750?
13
What is the remainder when 591666 is divided by 197215?
21
Calculate the remainder when 153 is divided by 78.
75
What is the remainder when 4845 is divided by 209?
38
What is the remainder when 58098 is divided by 107?
104
Calculate the remainder when 2041 is divided by 11.
6
Calculate the remainder when 131323 is divided by 103.
101
Calculate the remainder when 839806 is divided by 49.
44
Calculate the remainder when 2776 is divided by 461.
10
What is the remainder when 47097 is divided by 453?
438
What is the remainder when 2743 is divided by 37?
5
What is the remainder when 40162 is divided by 149?
81
What is the remainder when 58213 is divided by 24?
13
Calculate the remainder when 98301 is divided by 3780.
21
What is the remainder when 23953 is divided by 11962?
29
What is the remainder when 1263875 is divided by 39496?
3
Calculate the remainder when 42884 is divided by 714.
44
Calculate the remainder when 6143795 is divided by 489.
488
Calculate the remainder when 1663772 is divided by 872.
868
What is the remainder when 184448 is divided by 1054?
1052
Calculate the remainder when 6061 is divided by 673.
4
What is the remainder when 842 is divided by 431?
411
Calculate the remainder when 1705916 is divided by 25847.
14
Calculate the remainder when 62944 is divided by 26.
24
Calculate the remainder when 3501 is divided by 103.
102
What is the remainder when 59308 is divided by 59268?
40
Calculate the remainder when 964983 is divided by 33.
30
Calculate the remainder when 3684 is divided by 132.
120
What is the remainder when 700 is divided by 13?
11
Calculate the remainder when 188529 is divided by 4.
1
What is the remainder when 4425 is divided by 849?
180
What is the remainder when 14063 is divided by 3187?
1315
What is the remainder when 862 is divided by 110?
92
What is the remainder when 356325 is divided by 33?
24
What is the remainder when 16635 is divided by 1960?
955
Calculate the remainder when 672 is divided by 170.
162
What is the remainder when 30163 is divided by 5023?
25
Calculate the remainder when 25816 is divided by 5104.
296
Calculate the remainder when 3895 is divided by 565.
505
What is the remainder when 79192 is divided by 1390?
1352
Calculate the remainder when 120691 is divided by 65.
51
Calculate the remainder when 4335 is divided by 9.
6
What is the remainder when 280393 is divided by 10013?
29
What is the remainder when 254384 is divided by 86?
82
What is the remainder when 378604 is divided by 231?
226
Calculate the remainder when 7726 is divided by 683.
213
What is the remainder when 2656 is divided by 529?
11
Calculate the remainder when 21272 is divided by 10617.
38
What is the remainder when 3991 is divided by 130?
91
What is the remainder when 122765 is divided by 79?
78
What is the remainder when 28498 is divided by 4747?
16
What is the remainder when 38606 is divided by 116?
94
Calculate the remainder when 1375 is divided by 1364.
11
What is the remainder when 12989 is divided by 54?
29
What is the remainder when 63107 is divided by 45?
17
Calculate the remainder when 47682 is divided by 30.
12
Calculate the remainder when 558173 is divided by 16.
13
What is the remainder when 5108 is divided by 107?
79
Calculate the remainder when 26249 is divided by 6557.
21
What is the remainder when 82756 is divided by 20684?
20
Calculate the remainder when 4006 is divided by 1001.
2
What is the remainder when 699879 is divided by 201?
198
Calculate the remainder when 30787 is divided by 23.
13
What is the remainder when 42220 is divided by 210?
10
What is the remainder when 14010 is divided by 1400?
10
Calculate the remainder when 198 is divided by 161.
37
What is the remainder when 709929 is divided by 201?
198
Calculate the remainder when 5904 is divided by 1368.
432
What is the remainder when 7944 is divided by 10?
4
Calculate the remainder when 229626 is divided by 76535.
21
What is the remainder when 13193 is divided by 348?
317
Calculate the remainder when 9080 is divided by 434.
400
What is the remainder when 69791 is divided by 533?
501
What is the remainder when 151660 is divided by 483?
481
Calculate the remainder when 3773 is divided by 10.
3
Calculate the remainder when 168972 is divided by 305.
2
Calculate the remainder when 52077 is divided by 240.
237
What is the remainder when 89964 is divided by 600?
564
What is the remainder when 8088 is divided by 93?
90
What is the remainder when 563797 is divided by 946?
927
Calculate the remainder when 308589 is divided by 23.
21
Calculate the remainder when 62364 is divided by 62311.
53
Calculate the remainder when 77330 is divided by 127.
114
What is the remainder when 157354 is divided by 423?
421
What is the remainder when 341 is divided by 163?
15
Calculate the remainder when 1581874 is divided by 125.
124
What is the remainder when 67991 is divided by 519?
2
What is the remainder when 34078 is divided by 227?
28
What is the remainder when 22508 is divided by 1839?
440
What is the remainder when 57565 is divided by 538?
537
What is the remainder when 3155 is divided by 1022?
89
Calculate the remainder when 244906 is divided by 5831.
4
What is the remainder when 4572 is divided by 130?
22
Calculate the remainder when 26529 is divided by 12.
9
Calculate the remainder when 8299 is divided by 752.
27
What is the remainder when 1639 is divided by 791?
57
Calculate the remainder when 36137 is divided by 62.
53
Calculate the remainder when 863487 is divided by 47971.
9
Calculate the remainder when 75075 is divided by 39.
0
Calculate the remainder when 23169 is divided by 1287.
3
What is the remainder when 274917 is divided by 22?
5
What is the remainder when 1672034 is divided by 56?
42
Calculate the remainder when 3451 is divided by 1134.
49
What is the remainder when 28340 is divided by 9437?
29
Calculate the remainder when 76646 is divided by 26.
24
What is the 